23825 a multiple of 138?
False
Does 64 divide 12352?
True
Is 36 a factor of 4402?
False
Is 17914 a multiple of 42?
False
Is 58 a factor of 14848?
True
Is 1865 a multiple of 5?
True
Does 85 divide 1956?
False
Does 56 divide 94745?
False
Is 462 a multiple of 68?
False
Is 7220 a multiple of 10?
True
Is 8 a factor of 904?
True
Is 238 a factor of 121380?
True
Is 4597 a multiple of 4?
False
Is 6 a factor of 24510?
True
Is 22 a factor of 42272?
False
Does 37 divide 444?
True
Is 64830 a multiple of 30?
True
Is 268 a multiple of 12?
False
Is 18 a multiple of 9?
True
Does 2 divide 75?
False
Does 25 divide 859?
False
Is 420 a multiple of 15?
True
Does 4 divide 2593?
False
Does 5 divide 230?
True
Is 240 a multiple of 40?
True
Does 40 divide 520?
True
Is 30017 a multiple of 42?
False
Is 9994 a multiple of 58?
False
Is 94980 a multiple of 20?
True
Does 118 divide 15104?
True
Does 15 divide 14104?
False
Is 27 a factor of 297?
True
Is 6 a factor of 34?
False
Is 8 a factor of 303?
False
Does 70 divide 8447?
False
Is 80 a factor of 4246?
False
Is 124 a factor of 15004?
True
Is 380 a multiple of 36?
False
Is 833 a multiple of 16?
False
Does 54 divide 37333?
False
Does 13 divide 3549?
True
Does 10 divide 6762?
False
Is 21 a factor of 5554?
False
Is 38 a factor of 1456?
False
Is 180 a multiple of 5?
True
Is 459 a multiple of 4?
False
Does 30 divide 15331?
False
Is 92 a multiple of 7?
False
Does 104 divide 520?
True
Is 7295 a multiple of 5?
True
Is 27572 a multiple of 140?
False
Is 14 a factor of 14210?
True
Is 3956 a multiple of 86?
True
Is 3283 a multiple of 49?
True
Is 12480 a multiple of 39?
True
Is 6999 a multiple of 75?
False
Is 14 a factor of 14829?
False
Is 6119 a multiple of 64?
False
Does 17 divide 663?
True
Does 21 divide 462?
True
Is 920 a multiple of 6?
False
Is 24 a factor of 4418?
False
Is 1890 a multiple of 14?
True
Does 20 divide 4320?
True
Does 6 divide 2883?
False
Is 14214 a multiple of 194?
False
Does 36 divide 5220?
True
Does 31 divide 2387?
True
Does 6 divide 1422?
True
Does 8 divide 38811?
False
Is 24942 a multiple of 278?
False
Is 109 a factor of 3379?
True
Is 33 a factor of 924?
True
Does 47 divide 63?
False
Is 35340 a multiple of 114?
True
Does 133 divide 16492?
True
Does 28 divide 4757?
False
Is 103155 a multiple of 61?
False
Is 55 a factor of 63030?
True
Does 4 divide 24?
True
Is 127 even?
False
Is 3 a factor of 519?
True
Does 77 divide 924?
True
Is 8214 a multiple of 74?
True
Does 62 divide 2062?
False
Is 23980 a multiple of 436?
True
Is 9 a factor of 2196?
True
Is 65 a factor of 5915?
True
Is 5 a factor of 4450?
True
Is 105678 a multiple of 206?
True
Is 5 a factor of 5?
True
Does 156 divide 21372?
True
Is 18430 a multiple of 10?
True
Is 27498 a multiple of 25?
False
Does 14 divide 36252?
False
Is 23 a factor of 10985?
False
Does 14 divide 56?
True
Is 34 a factor of 9146?
True
Is 6 a factor of 155?
False
Does 27 divide 774?
False
Does 16 divide 2949?
False
Is 9 a factor of 4779?
True
Is 56362 a multiple of 90?
False
Does 8 divide 5983?
False
Is 120 a factor of 5744?
False
Is 277 a multiple of 7?
False
Is 306 a multiple of 34?
True
Is 2 a factor of 1026?
True
Does 86 divide 1973?
False
Does 49 divide 5732?
False
Is 1182 a multiple of 18?
False
Is 17 a factor of 6025?
False
Does 38 divide 7472?
False
Does 27 divide 1461?
False
Is 79 a factor of 11929?
True
Is 6 a factor of 1737?
False
Is 56 a factor of 41608?
True
Is 6045 a multiple of 15?
True
Is 42 a factor of 611?
False
Does 7 divide 3227?
True
Is 9 a factor of 8845?
False
Does 26 divide 2401?
False
Does 85 divide 21599?
False
Is 46 a factor of 168?
False
Does 7 divide 294?
True
Is 8 a factor of 1038?
False
Is 433 a multiple of 14?
False
Is 770 a multiple of 4?
False
Is 5 a factor of 8540?
True
Is 3348 a multiple of 31?
True
Is 39 a factor of 6903?
True
Is 69 a factor of 561?
False
Is 74 a multiple of 11?
False
Is 3773 a multiple of 7?
True
Does 10 divide 1410?
True
Is 17 a factor of 1003?
True
Is 1455 a multiple of 15?
True
Is 31 a factor of 51531?
False
Is 55 a factor of 2255?
True
Is 1247 a multiple of 3?
False
Does 22 divide 15609?
False
Is 5670 a multiple of 189?
True
Is 35 even?
False
Does 40 divide 17720?
True
Does 62 divide 16025?
False
Is 836 a multiple of 19?
True
Is 10 a factor of 150?
True
Is 1453 a multiple of 13?
False
Is 26 a factor of 2055?
False
Is 2525 a multiple of 25?
True
Does 18 divide 3276?
True
Does 21 divide 137?
False
Does 10 divide 226?
False
Is 23 a factor of 52608?
False
Does 3 divide 1359?
True
Is 37872 a multiple of 24?
True
Is 3738 a multiple of 14?
True
Is 16724 a multiple of 12?
False
Does 2 divide 44?
True
Is 28 a factor of 1026?
False
Is 740 a multiple of 20?
True
Is 5 a factor of 425?
True
Does 12 divide 4440?
True
Does 20 divide 7960?
True
Is 2 a factor of 68?
True
Is 414 a multiple of 23?
True
Does 65 divide 100400?
False
Is 860 a multiple of 20?
True
Is 13 a factor of 247?
True
Does 60 divide 23700?
True
Is 9472 a multiple of 128?
True
Is 8816 a multiple of 12?
False
Does 159 divide 6996?
True
Is 5 a factor of 470?
True
Does 191 divide 7831?
True
Does 37 divide 629?
True
Is 2475 a multiple of 33?
True
Is 1159 a multiple of 17?
False
Does 101 divide 4848?
True
Does 82 divide 945?
False
Is 10 a factor of 4760?
True
Does 33 divide 1320?
True
Does 96 divide 7742?
False
Is 2163 a multiple of 7?
True
Does 126 divide 26521?
False
Is 351 a multiple of 5?
False
Is 15 a factor of 1547?
False
Is 301 a multiple of 30?
False
Is 95 a factor of 162355?
True
Is 39740 a multiple of 74?
False
Is 360 a multiple of 36?
True
Does 70 divide 88?
False
Is 2163 a multiple of 21?
True
Is 213 a factor of 35358?
True
Is 8 a factor of 5096?
True
Is 6 a factor of 54?
True
Is 621 a multiple of 6?
False
Is 18367 a multiple of 36?
False
Is 113 a factor of 6667?
True
Does 105 divide 2100?
True
Does 8 divide 912?
True
Does 55 divide 123475?
True
Is 217 a multiple of 5?
False
Does 60 divide 2519?
False
Does 28 divide 80192?
True
Does 6 divide 207?
False
Is 25061 a multiple of 8?
False
Is 84 a multiple of 28?
True
Is 114 a multiple of 6?
True
Does 20 divide 4399?
False
Is 43595 a multiple of 7?
False
Is 22 a factor of 275?
False
Is 41 a factor of 131?
False
Does 14 divide 7846?
False
Does 8 divide 792?
True
Is 12 a factor of 241?
False
Does 32 divide 1231?
False
Is 81792 a multiple of 96?
True
Is 228 a multiple of 10?
False
Is 13 a factor of 1573?
True
Does 84 divide 5040?
True
Is 11 a factor of 118?
False
Does 16 divide 3344?
True
Does 18 divide 630?
True
Is 58876 a multiple of 4?
True
Does 354 divide 46985?
False
Is 28 a factor of 3359?
False
Is 29 a factor of 874?
False
Is 36 a factor of 1194?
False
Is 16530 a multiple of 110?
False
Does 21 divide 84?
True
Is 324 a multiple of 27?
True
Is 293 a multiple of 7?
False
Is 334 a multiple of 13?
False
Is 8 a factor of 3368?
True
Does 12 divide 144?
True
Does 15 divide 12312?
False
Does 94 divide 4095?
False
Is 6600 a multiple of 24?
True
Does 20 divide 10440?
True
Does 151 divide 8784?
False
Is 12 a factor of 88?
False
Is 301 even?
False
Does 51 divide 3111?
True
Does 272 divide 86198?
False
Does 36 divide 42984?
True
Is 60 a factor of 360?
True
Is 1050 a multiple of 27?
False
Is 102 a factor of 1428?
True
Does 2 divide 1172?
True
Is 27 a factor of 42687?
True
Does 9 divide 261?
True
Is 137 a factor of 6987?
True
Is 3308 a multiple of 5?
False
Does 16 divide 1363?
False
Is 3 a factor of 67?
False
Does 32 divide 6164?
False
Does 10 divide 575?
False
Does 10 divide 1470?
True
Is 3650 a multiple of 6?
False
Is 2114 a multiple of 14?
True
Is 1164 a multiple of 130?
False
Is 512 a multiple of 16?
True
Is 30 a factor of 6540?
True
Does 10 divide 227?
False
Is 8249 a multiple of 73?
True
Is 14 a factor of 6566?
True
Is 88 a factor of 12320?
True
Does 8 divide 4592?
True
Does 60 divide 35460?
True
Does 17 divide 16145?
False
Is 7 a factor of 75?
False
Is 28 a factor of 28392?
True
Does 2 divide 258?
True
Does 21 divide 62679?
False
Is 28 a factor of 17561?
False
Is 1941 a multiple of 143?
False
Is 476 a multiple of 34?
True
Is 7 a factor of 7?
True
Is 356 a multiple of 20?
False
Does 37 divide 704?
False
Is 27 a factor of 114?
False
Does 2 divide 251?
False
Is 57 a factor of 748?
False
Is 36 a factor of 972?
True
Does 25 divide 1100?
True